{"id":1035,"date":"2020-10-31T19:49:44","date_gmt":"2020-10-31T18:49:44","guid":{"rendered":"http:\/\/www.botanik-sw.de\/BAS\/module\/wordpress\/?page_id=1035"},"modified":"2020-11-01T12:18:52","modified_gmt":"2020-11-01T11:18:52","slug":"links-sonstige-institutionenverbaende","status":"publish","type":"page","link":"https:\/\/www.botanik-sw.de\/BAS\/module\/wordpress\/?page_id=1035","title":{"rendered":"Links zu sonstigen Institutionen oder Verb\u00e4nden"},"content":{"rendered":"<p>Sonstige Institutionen oder Verb\u00e4nde<\/p>\n<p>\u2022 <a href=\"http:\/\/www.botanik-sw.de\/BAS\/module\/wordpress\/?page%20id=1035#in\">International<\/a><br \/>\n\u2022 <a href=\"http:\/\/www.botanik-sw.de\/BAS\/module\/wordpress\/?page%20id=1035#eu\">Europa<\/a><br \/>\n\u2022 <a href=\"http:\/\/www.botanik-sw.de\/BAS\/module\/wordpress\/?page%20id=1035#de\">Deutschland<\/a><\/p>\n<p>&nbsp;<\/p>\n<h4><a name=\"in\"><\/a> INTERNATIONALE Institutionen oder Verb\u00e4nde<\/h4>\n<p style=\"padding-left: 30px;\"><a style=\"font-weight: 600;\" href=\"http:\/\/www.iavs.org\/\" target=\"_blank\" rel=\"noopener noreferrer\">http:\/\/www.iavs.org<\/a><br \/>\nInternational Association for Vegetation Science<\/p>\n<p style=\"padding-left: 30px;\"><a style=\"font-weight: 600;\" href=\"http:\/\/www.iucn.org\/\" target=\"_blank\" rel=\"noopener noreferrer\">http:\/\/www.iucn.org<\/a><br \/>\nInternational Union for Conservation of Nature<\/p>\n<p style=\"padding-left: 30px;\"><a style=\"font-weight: 600;\" href=\"http:\/\/www.unep-wcmc.org\/\" target=\"_blank\" rel=\"noopener noreferrer\">http:\/\/www.unep-wcmc.org<\/a><br \/>\nUnited Nations Environment Programme &amp; World Conservation Monitoring Centre<\/p>\n<p style=\"padding-left: 30px;\"><a href=\"#top\">zum Seitenanfang<\/a><\/p>\n<h4><a name=\"eu\"><\/a> Institutionen oder Verb\u00e4nde in EUROPA<\/h4>\n<p style=\"padding-left: 30px;\"><strong><a href=\"http:\/\/ec.europa.eu\/environment\/index_en.htm\" target=\"_blank\" rel=\"noopener noreferrer\">http:\/\/ec.europa.eu\/environment\/index_en.htm<\/a><\/strong><br \/>\nGeneraldirektion Umwelt der EU<\/p>\n<p style=\"padding-left: 30px;\"><a style=\"font-weight: 600;\" href=\"http:\/\/www.eea.europa.eu\/de\" target=\"_blank\" rel=\"noopener noreferrer\">http:\/\/www.eea.europa.eu\/de<\/a><br \/>\nEurop\u00e4ische Umweltagentur, Berichte, Links zu Umweltinstitutionen europaweit<\/p>\n<p style=\"padding-left: 30px;\"><a href=\"#top\">zum Seitenanfang<\/a><\/p>\n<h4><a name=\"de\"><\/a> Institutionen oder Verb\u00e4nde in DEUTSCHLAND<\/h4>\n<p style=\"padding-left: 30px;\"><a style=\"font-weight: 600;\" href=\"http:\/\/www.bfn.de\/\" target=\"_blank\" rel=\"noopener noreferrer\">http:\/\/www.bfn.de<\/a><br \/>\nBundesamt f\u00fcr Naturschutz Deutschland<\/p>\n<p style=\"padding-left: 30px;\"><a style=\"font-weight: 600;\" href=\"http:\/\/www.ble.de\/\" target=\"_blank\" rel=\"noopener noreferrer\">http:\/\/www.ble.de<\/a><br \/>\nBundesanstalt f\u00fcr Landwirtschaft und Ern\u00e4hrung<\/p>\n<p style=\"padding-left: 30px;\"><a style=\"font-weight: 600;\" href=\"http:\/\/www.umweltbundesamt.de\/\" target=\"_blank\" rel=\"noopener noreferrer\">http:\/\/www.umweltbundesamt.de<\/a><br \/>\nUmweltbundesamt Deutschland<\/p>\n<p style=\"padding-left: 30px;\"><a style=\"font-weight: 600;\" href=\"http:\/\/www.nabu.de\/\" target=\"_blank\" rel=\"noopener noreferrer\">http:\/\/www.nabu.de<\/a><br \/>\nNaturschutzbund Deutschland (NABU)<\/p>\n<p style=\"padding-left: 30px;\"><a style=\"font-weight: 600;\" href=\"http:\/\/www.bund.net\/\" target=\"_blank\" rel=\"noopener noreferrer\">http:\/\/www.bund.net<\/a><br \/>\nBUND Bund f\u00fcr Umwelt und Naturschutz Deutschland<\/p>\n<p style=\"padding-left: 30px;\"><a style=\"font-weight: 600;\" href=\"http:\/\/www.biologenverband.de\/\" target=\"_blank\" rel=\"noopener noreferrer\">http:\/\/www.biologenverband.de<\/a><br \/>\nBerufsvertretung Deutscher Biologen e.V.<\/p>\n<p style=\"padding-left: 30px;\"><a style=\"font-weight: 600;\" href=\"http:\/\/www.biologie.uni-ulm.de\/verband\/\" target=\"_blank\" rel=\"noopener noreferrer\">http:\/\/www.biologie.uni-ulm.de\/verband<\/a><br \/>\nDachverband botanischer G\u00e4rten, auch Zug\u00e4nge zu botanischen Datenbanken, Links<\/p>\n<p style=\"padding-left: 30px;\"><a style=\"font-weight: 600;\" href=\"http:\/\/www.dgfm-ev.de\/\" target=\"_blank\" rel=\"noopener noreferrer\">http:\/\/www.dgfm-ev.de<\/a><br \/>\nDeutsche Gesellschaft f\u00fcr Mykologie, \u00dcbersicht mykologischer Vereine, Bestimmungsschl\u00fcssel, Mykolinks, u.a.<\/p>\n<h4 style=\"padding-left: 30px;\">Baden-W\u00fcrttemberg<\/h4>\n<p style=\"padding-left: 30px;\"><a style=\"font-weight: 600;\" href=\"http:\/\/www.mlr.baden-wuerttemberg.de\/\" target=\"_blank\" rel=\"noopener noreferrer\">http:\/\/www.mlr.baden-wuerttemberg.de<\/a><br \/>\nMinisterium L\u00e4ndlicher Raum Baden-W\u00fcrttemberg<\/p>\n<p style=\"padding-left: 30px;\"><a style=\"font-weight: 600;\" href=\"http:\/\/www.lubw.baden-wuerttemberg.de\/\" target=\"_blank\" rel=\"noopener noreferrer\">http:\/\/www.lubw.baden-wuerttemberg.de<\/a><br \/>\nLandesanstalt f\u00fcr Umwelt, Messungen und Naturschutz: unter \u201eDaten- und Kartendienst\u201c Informationen zu Biotopen, Schutzgebieten, Mooren und demn\u00e4chst Arten; unter Natur und Landschaft &lt;Fl\u00e4chenschutz &lt;Biotopkartieurng aufbereitete Verbreitungskarten zu den gesch\u00fctzten Biotoptypen von BW<\/p>\n<p style=\"padding-left: 30px;\"><strong><a href=\"https:\/\/www.lgl-bw.de\/unsere-themen\/Produkte\/Open-Data\/\" target=\"_blank\" rel=\"noopener noreferrer\">https:\/\/www.lgl-bw.de\/unsere-themen\/Produkte\/Open-Data\/<\/a><\/strong><br \/>\nLandesamt f\u00fcr Geoinformation und Landesentwicklung: Unter Produkte und Dienstleistungen &lt;Open Data k\u00f6nnen kostenlos nutzbare Geobasisdaten heruntergeladen werden.<\/p>\n<p style=\"padding-left: 30px;\"><a style=\"font-weight: 600;\" href=\"http:\/\/www.naturkundemuseum-bw.de\/\" target=\"_blank\" rel=\"noopener noreferrer\">http:\/\/www.naturkundemuseum-bw.de<\/a><br \/>\nNaturkundemuseum Stuttgart<\/p>\n<p style=\"padding-left: 30px;\"><a style=\"font-weight: 600;\" href=\"http:\/\/www.smnk.de\/\" target=\"_blank\" rel=\"noopener noreferrer\">http:\/\/www.smnk.de<\/a><br \/>\nNaturkundemuseum Karlsruhe<\/p>\n<p style=\"padding-left: 30px;\"><a style=\"font-weight: 600;\" href=\"http:\/\/www.umweltzentrum-karlsruhe.de\/\" target=\"_blank\" rel=\"noopener noreferrer\">http:\/\/www.umweltzentrum-karlsruhe.de<\/a><br \/>\nBUZO e.V. (B\u00fcrgeraktion Umweltschutzzentrum Zentrales Oberrheingebiet)<\/p>\n<h4 style=\"padding-left: 30px;\">Sonstige<\/h4>\n<p style=\"padding-left: 30px;\"><a style=\"font-weight: 600;\" href=\"http:\/\/www.vhoe.de\/\" target=\"_blank\" rel=\"noopener noreferrer\">http:\/\/www.vhoe.de<\/a><br \/>\nVereinigung Hessischer \u00d6kologen und \u00d6kologinnen<\/p>\n<p style=\"padding-left: 30px;\"><a style=\"font-weight: 600;\" href=\"http:\/\/www.bgbm.fu-berlin.de\/\" target=\"_blank\" rel=\"noopener noreferrer\">http:\/\/www.bgbm.fu-berlin.de<\/a><br \/>\nBotanischer Garten und Botanisches Museum Berlin-Dahlem, Links f\u00fcr Systematiker, u.a. z.B. Global Plant Checklist, International Association for Plant Taxonomie<\/p>\n<p style=\"padding-left: 30px;\"><a style=\"font-weight: 600;\" href=\"https:\/\/www.wsl.ch\/de\/index.html\" target=\"_blank\" rel=\"noopener noreferrer\">https:\/\/www.wsl.ch\/de\/index.html<\/a><br \/>\nEidgen\u00f6ssische Forschungsanstalt f\u00fcr Wald, Schnee und Landschaft (Schweiz)<\/p>\n<p style=\"padding-left: 30px;\"><a href=\"#top\">zum Seitenanfang<\/a><\/p>\n","protected":false},"excerpt":{"rendered":"<p>Sonstige Institutionen oder Verb\u00e4nde \u2022 International \u2022 Europa \u2022 Deutschland &nbsp; INTERNATIONALE Institutionen oder Verb\u00e4nde http:\/\/www.iavs.org International Association for Vegetation Science http:\/\/www.iucn.org International Union for Conservation of Nature http:\/\/www.unep-wcmc.org United Nations Environment Programme &amp; World Conservation Monitoring Centre zum Seitenanfang Institutionen oder Verb\u00e4nde in EUROPA http:\/\/ec.europa.eu\/environment\/index_en.htm Generaldirektion Umwelt der EU http:\/\/www.eea.europa.eu\/de Europ\u00e4ische Umweltagentur, Berichte, Links [&hellip;]<\/p>\n","protected":false},"author":1,"featured_media":0,"parent":1016,"menu_order":5,"comment_status":"closed","ping_status":"closed","template":"","meta":{"footnotes":""},"class_list":["post-1035","page","type-page","status-publish","czr-hentry"],"_links":{"self":[{"href":"https:\/\/www.botanik-sw.de\/BAS\/module\/wordpress\/index.php?rest_route=\/wp\/v2\/pages\/1035","targetHints":{"allow":["GET"]}}],"collection":[{"href":"https:\/\/www.botanik-sw.de\/BAS\/module\/wordpress\/index.php?rest_route=\/wp\/v2\/pages"}],"about":[{"href":"https:\/\/www.botanik-sw.de\/BAS\/module\/wordpress\/index.php?rest_route=\/wp\/v2\/types\/page"}],"author":[{"embeddable":true,"href":"https:\/\/www.botanik-sw.de\/BAS\/module\/wordpress\/index.php?rest_route=\/wp\/v2\/users\/1"}],"replies":[{"embeddable":true,"href":"https:\/\/www.botanik-sw.de\/BAS\/module\/wordpress\/index.php?rest_route=%2Fwp%2Fv2%2Fcomments&post=1035"}],"version-history":[{"count":11,"href":"https:\/\/www.botanik-sw.de\/BAS\/module\/wordpress\/index.php?rest_route=\/wp\/v2\/pages\/1035\/revisions"}],"predecessor-version":[{"id":2629,"href":"https:\/\/www.botanik-sw.de\/BAS\/module\/wordpress\/index.php?rest_route=\/wp\/v2\/pages\/1035\/revisions\/2629"}],"up":[{"embeddable":true,"href":"https:\/\/www.botanik-sw.de\/BAS\/module\/wordpress\/index.php?rest_route=\/wp\/v2\/pages\/1016"}],"wp:attachment":[{"href":"https:\/\/www.botanik-sw.de\/BAS\/module\/wordpress\/index.php?rest_route=%2Fwp%2Fv2%2Fmedia&parent=1035"}],"curies":[{"name":"wp","href":"https:\/\/api.w.org\/{rel}","templated":true}]}}