{"id":3497,"date":"2026-03-06T20:19:38","date_gmt":"2026-03-06T19:19:38","guid":{"rendered":"https:\/\/www.botanik-sw.de\/BAS\/module\/wordpress\/?page_id=3497"},"modified":"2026-03-09T17:08:04","modified_gmt":"2026-03-09T16:08:04","slug":"ergebnisuebersicht","status":"publish","type":"page","link":"https:\/\/www.botanik-sw.de\/BAS\/module\/wordpress\/?page_id=3497","title":{"rendered":"Ergebnis\u00fcbersicht"},"content":{"rendered":"<table style=\"width: 100%; border-collapse: collapse; margin: 20px 0; border: 1px solid #ddd; background-color: #f9f9f9;\">\n<tbody>\n<tr>\n<td style=\"width: 33.33%; text-align: center; padding: 12px;\"><a style=\"text-decoration: none; font-size: 15px;\" href=\"https:\/\/www.botanik-sw.de\/BAS\/module\/wordpress\/?page_id=3485\">Kartierstand<\/a><\/td>\n<td style=\"width: 33.33%; text-align: center; padding: 12px;\"><a style=\"text-decoration: none; font-size: 15px;\" href=\"https:\/\/www.botanik-sw.de\/BAS\/module\/wordpress\/?page_id=3497\">Ergebnis\u00fcbersicht<\/a><\/td>\n<td style=\"width: 33.33%; text-align: center; padding: 12px;\"><a style=\"text-decoration: none; font-size: 15px;\" href=\"https:\/\/www.botanik-sw.de\/BAS\/module\/wordpress\/?page_id=3505\">Publikationen<\/a><\/td>\n<\/tr>\n<\/tbody>\n<\/table>\n<h2>Ergebnisse von allen 293 aufgenommenen \u00d6FS-Fl\u00e4chen (Stand 2024)<\/h2>\n<p>Bis 2024 einschlie\u00dflich erfolgte 293 mal die Aufnahme einer \u00d6FS-Fl\u00e4che.<\/p>\n<h3>Kartierungen<\/h3>\n<table style=\"width: 60%; border-collapse: collapse; margin: 20px 0; border: 1px solid #ddd; background-color: #f9f9f9;\">\n<tbody>\n<tr>\n<td style=\"padding: 8px; border-bottom: 1px solid #ddd;\">Anzahl erstkartierter \u00d6FS-Fl\u00e4chen:<\/td>\n<td style=\"padding: 8px; border-bottom: 1px solid #ddd; text-align: right;\">286<\/td>\n<\/tr>\n<tr>\n<td style=\"padding: 8px; border-bottom: 1px solid #ddd;\">Anzahl zweitkartierter \u00d6FS-Fl\u00e4chen:<\/td>\n<td style=\"padding: 8px; border-bottom: 1px solid #ddd; text-align: right;\">6<\/td>\n<\/tr>\n<tr>\n<td style=\"padding: 8px; border-bottom: 1px solid #ddd;\">Anzahl Doppelkartierungen in 1 Jahr:<\/td>\n<td style=\"padding: 8px; border-bottom: 1px solid #ddd; text-align: right;\">1<\/td>\n<\/tr>\n<tr style=\"font-weight: bold;\">\n<td style=\"padding: 8px; border-bottom: 2px solid #333;\">Gesamtanzahl Aufnahmen:<\/td>\n<td style=\"padding: 8px; border-bottom: 2px solid #333; text-align: right;\">293<\/td>\n<\/tr>\n<\/tbody>\n<\/table>\n<h3>Arten und Sippen<\/h3>\n<table style=\"width: 60%; border-collapse: collapse; margin: 20px 0; border: 1px solid #ddd; background-color: #f9f9f9;\">\n<tbody>\n<tr>\n<td style=\"padding: 8px; border-bottom: 1px solid #ddd;\">Anzahl Artenfunde:<\/td>\n<td style=\"padding: 8px; border-bottom: 1px solid #ddd; text-align: right;\">158.118 <em>(\u00d8 534 je \u00d6FS-Fl\u00e4che)<\/em><\/td>\n<\/tr>\n<tr>\n<td style=\"padding: 8px; border-bottom: 1px solid #ddd;\">Anzahl erhobener Sippen<\/td>\n<td style=\"padding: 8px; border-bottom: 1px solid #ddd; text-align: right;\">2.208<\/td>\n<\/tr>\n<tr>\n<td style=\"padding: 8px; border-bottom: 1px solid #ddd;\">Anzahl Sippen je \u00d6FS-Fl\u00e4che:<\/td>\n<td style=\"padding: 8px; border-bottom: 1px solid #ddd; text-align: right;\">min. 113 max. 446 <em>(\u00d8 288)<\/em><\/td>\n<\/tr>\n<\/tbody>\n<\/table>\n","protected":false},"excerpt":{"rendered":"<p>Kartierstand Ergebnis\u00fcbersicht Publikationen Ergebnisse von allen 293 aufgenommenen \u00d6FS-Fl\u00e4chen (Stand 2024) Bis 2024 einschlie\u00dflich erfolgte 293 mal die Aufnahme einer \u00d6FS-Fl\u00e4che. Kartierungen Anzahl erstkartierter \u00d6FS-Fl\u00e4chen: 286 Anzahl zweitkartierter \u00d6FS-Fl\u00e4chen: 6 Anzahl Doppelkartierungen in 1 Jahr: 1 Gesamtanzahl Aufnahmen: 293 Arten und Sippen Anzahl Artenfunde: 158.118 (\u00d8 534 je \u00d6FS-Fl\u00e4che) Anzahl erhobener Sippen 2.208 Anzahl Sippen [&hellip;]<\/p>\n","protected":false},"author":11,"featured_media":0,"parent":3455,"menu_order":0,"comment_status":"closed","ping_status":"closed","template":"","meta":{"footnotes":""},"class_list":["post-3497","page","type-page","status-publish","czr-hentry"],"_links":{"self":[{"href":"https:\/\/www.botanik-sw.de\/BAS\/module\/wordpress\/index.php?rest_route=\/wp\/v2\/pages\/3497","targetHints":{"allow":["GET"]}}],"collection":[{"href":"https:\/\/www.botanik-sw.de\/BAS\/module\/wordpress\/index.php?rest_route=\/wp\/v2\/pages"}],"about":[{"href":"https:\/\/www.botanik-sw.de\/BAS\/module\/wordpress\/index.php?rest_route=\/wp\/v2\/types\/page"}],"author":[{"embeddable":true,"href":"https:\/\/www.botanik-sw.de\/BAS\/module\/wordpress\/index.php?rest_route=\/wp\/v2\/users\/11"}],"replies":[{"embeddable":true,"href":"https:\/\/www.botanik-sw.de\/BAS\/module\/wordpress\/index.php?rest_route=%2Fwp%2Fv2%2Fcomments&post=3497"}],"version-history":[{"count":7,"href":"https:\/\/www.botanik-sw.de\/BAS\/module\/wordpress\/index.php?rest_route=\/wp\/v2\/pages\/3497\/revisions"}],"predecessor-version":[{"id":3521,"href":"https:\/\/www.botanik-sw.de\/BAS\/module\/wordpress\/index.php?rest_route=\/wp\/v2\/pages\/3497\/revisions\/3521"}],"up":[{"embeddable":true,"href":"https:\/\/www.botanik-sw.de\/BAS\/module\/wordpress\/index.php?rest_route=\/wp\/v2\/pages\/3455"}],"wp:attachment":[{"href":"https:\/\/www.botanik-sw.de\/BAS\/module\/wordpress\/index.php?rest_route=%2Fwp%2Fv2%2Fmedia&parent=3497"}],"curies":[{"name":"wp","href":"https:\/\/api.w.org\/{rel}","templated":true}]}}