{"id":3505,"date":"2026-03-06T20:33:28","date_gmt":"2026-03-06T19:33:28","guid":{"rendered":"https:\/\/www.botanik-sw.de\/BAS\/module\/wordpress\/?page_id=3505"},"modified":"2026-03-09T16:07:22","modified_gmt":"2026-03-09T15:07:22","slug":"publikationen","status":"publish","type":"page","link":"https:\/\/www.botanik-sw.de\/BAS\/module\/wordpress\/?page_id=3505","title":{"rendered":"Publikationen"},"content":{"rendered":"<table style=\"width: 100%; border-collapse: collapse; margin: 20px 0; border: 1px solid #ddd; background-color: #f9f9f9;\">\n<tbody>\n<tr>\n<td style=\"width: 33.33%; text-align: center; padding: 12px;\"><a style=\"text-decoration: none; font-size: 15px;\" href=\"https:\/\/www.botanik-sw.de\/BAS\/module\/wordpress\/?page_id=3485\">Kartierstand<\/a><\/td>\n<td style=\"width: 33.33%; text-align: center; padding: 12px;\"><a style=\"text-decoration: none; font-size: 15px;\" href=\"https:\/\/www.botanik-sw.de\/BAS\/module\/wordpress\/?page_id=3497\">Ergebnis\u00fcbersicht<\/a><\/td>\n<td style=\"width: 33.33%; text-align: center; padding: 12px;\"><a style=\"text-decoration: none; font-size: 15px;\" href=\"https:\/\/www.botanik-sw.de\/BAS\/module\/wordpress\/?page_id=3505\">Publikationen<\/a><\/td>\n<\/tr>\n<\/tbody>\n<\/table>\n<h2>Publikationen zum \u00d6FS-Projekt<\/h2>\n<p><strong>Breunig, T. &amp; N. H\u00f6ll (2022):<\/strong> Botanische Erhebungen der BAS auf Stichprobenfl\u00e4chen. Vortrag auf dem 31. S\u00fcdwestdeutschen Floristentag. <a href=\"https:\/\/www.botanik-sw.de\/BAS\/module\/wordpress\/wp-content\/uploads\/2026\/03\/BAS_Stichprobenkartierung_Ergebnisse_220924.pdf\" target=\"_blank\" rel=\"noopener\">hier zum Download<\/a><\/p>\n<p style=\"margin-top: 30px; font-style: italic; color: #666;\">Weitere Publikationen zum Projekt werden hier erg\u00e4nzt.<\/p>\n","protected":false},"excerpt":{"rendered":"<p>Kartierstand Ergebnis\u00fcbersicht Publikationen Publikationen zum \u00d6FS-Projekt Breunig, T. &amp; N. H\u00f6ll (2022): Botanische Erhebungen der BAS auf Stichprobenfl\u00e4chen. Vortrag auf dem 31. S\u00fcdwestdeutschen Floristentag. hier zum Download Weitere Publikationen zum Projekt werden hier erg\u00e4nzt.<\/p>\n","protected":false},"author":11,"featured_media":0,"parent":3455,"menu_order":0,"comment_status":"closed","ping_status":"closed","template":"","meta":{"footnotes":""},"class_list":["post-3505","page","type-page","status-publish","czr-hentry"],"_links":{"self":[{"href":"https:\/\/www.botanik-sw.de\/BAS\/module\/wordpress\/index.php?rest_route=\/wp\/v2\/pages\/3505","targetHints":{"allow":["GET"]}}],"collection":[{"href":"https:\/\/www.botanik-sw.de\/BAS\/module\/wordpress\/index.php?rest_route=\/wp\/v2\/pages"}],"about":[{"href":"https:\/\/www.botanik-sw.de\/BAS\/module\/wordpress\/index.php?rest_route=\/wp\/v2\/types\/page"}],"author":[{"embeddable":true,"href":"https:\/\/www.botanik-sw.de\/BAS\/module\/wordpress\/index.php?rest_route=\/wp\/v2\/users\/11"}],"replies":[{"embeddable":true,"href":"https:\/\/www.botanik-sw.de\/BAS\/module\/wordpress\/index.php?rest_route=%2Fwp%2Fv2%2Fcomments&post=3505"}],"version-history":[{"count":2,"href":"https:\/\/www.botanik-sw.de\/BAS\/module\/wordpress\/index.php?rest_route=\/wp\/v2\/pages\/3505\/revisions"}],"predecessor-version":[{"id":3517,"href":"https:\/\/www.botanik-sw.de\/BAS\/module\/wordpress\/index.php?rest_route=\/wp\/v2\/pages\/3505\/revisions\/3517"}],"up":[{"embeddable":true,"href":"https:\/\/www.botanik-sw.de\/BAS\/module\/wordpress\/index.php?rest_route=\/wp\/v2\/pages\/3455"}],"wp:attachment":[{"href":"https:\/\/www.botanik-sw.de\/BAS\/module\/wordpress\/index.php?rest_route=%2Fwp%2Fv2%2Fmedia&parent=3505"}],"curies":[{"name":"wp","href":"https:\/\/api.w.org\/{rel}","templated":true}]}}

<table style="width: 100%; border-collapse: collapse; margin: 20px 0; border: 1px solid #ddd; background-color: #f9f9f9;">
<tbody>
<tr>
<td style="width: 33.33%; text-align: center; padding: 12px;"><a style="text-decoration: none; font-size: 15px;" href="https://www.botanik-sw.de/BAS/module/wordpress/?page_id=3485">Kartierstand</a></td>
<td style="width: 33.33%; text-align: center; padding: 12px;"><a style="text-decoration: none; font-size: 15px;" href="https://www.botanik-sw.de/BAS/module/wordpress/?page_id=3497">Ergebnisübersicht</a></td>
<td style="width: 33.33%; text-align: center; padding: 12px;"><a style="text-decoration: none; font-size: 15px;" href="https://www.botanik-sw.de/BAS/module/wordpress/?page_id=3505">Publikationen</a></td>
</tr>
</tbody>
</table>
<h2>Publikationen zum ÖFS-Projekt</h2>
<p><strong>Breunig, T. &amp; N. Höll (2022):</strong> Botanische Erhebungen der BAS auf Stichprobenflächen. Vortrag auf dem 31. Südwestdeutschen Floristentag. <a href="https://www.botanik-sw.de/BAS/module/wordpress/wp-content/uploads/2026/03/BAS_Stichprobenkartierung_Ergebnisse_220924.pdf" target="_blank" rel="noopener">hier zum Download</a></p>
<p style="margin-top: 30px; font-style: italic; color: #666;">Weitere Publikationen zum Projekt werden hier ergänzt.</p>

<p>Kartierstand Ergebnisübersicht Publikationen Publikationen zum ÖFS-Projekt Breunig, T. &amp; N. Höll (2022): Botanische Erhebungen der BAS auf Stichprobenflächen. Vortrag auf dem 31. Südwestdeutschen Floristentag. hier zum Download Weitere Publikationen zum Projekt werden hier ergänzt.</p>
